Convert 4414525 (base 6) to base 3.
102011220022
What is -20302332130 (base 4) in base 3?
-11100011011111
17a3887 (base 13) to base 14
104d348
Convert 4147 (base 14) to base 4.
2233203
What is 179643 (base 12) in base 6?
12444123
What is -59387 (base 14) in base 2?
-110101000110001011
100110011111111110000011 (base 2) to base 13
212495c
What is -1732445 (base 9) in base 7?
-11133113
74077 (base 13) to base 14
56153
What is 4986398 (base 11) in base 10?
8661287
-215033 (base 12) to base 14
-da127
What is 10101100000001000 (base 2) in base 5?
10304242
What is -23201103333 (base 4) in base 10?
-3020031
What is -a5d47 (base 14) in base 10?
-400491
452521 (base 7) to base 13
2a658
1436320 (base 12) to base 11
231a0a8
Convert 24c77 (base 14) to base 6.
1533521
Convert 12701144 (base 8) to base 6.
141041020
Convert -1631665 (base 7) to base 11.
-145099
What is -387b3 (base 15) in base 5?
-21234433
23221300330 (base 4) to base 13
82c4b3
What is 7aba58 (base 12) in base 8?
7407044
Convert -103440134 (base 6) to base 13.
-4cc9ab
1538296 (base 11) to base 16
282836
-403909 (base 10) to base 12
-1758b1
What is -1600532 (base 9) in base 4?
-3120112121
What is 233434 (base 9) in base 3?
21010111011
What is -2100432 (base 5) in base 7?
-202363
What is ee387 (base 15) in base 8?
2706102
236ab6b (base 13) to base 7
162116314
1252601 (base 10) to base 7
13434620
What is 13012331 (base 5) in base 4?
132300032
4a3b4a (base 15) to base 2
1101100100010001000100
What is 677158 (base 12) in base 16?
192f14
-2121230020 (base 4) to base 10
-629512
What is -41345241 (base 6) in base 4?
-10210000321
What is -2500143 (base 6) in base 3?
-20201102100
What is 4360832 (base 9) in base 5?
1044433304
Convert -16551247 (base 8) to base 9.
-7225070
Convert -21200202001110 (base 3) to base 11.
-2343143
37c43 (base 14) to base 8
413243
Convert 73863 (base 12) to base 13.
53ca9
-11244652 (base 7) to base 2
-11110000110000000001
What is 11211020112 (base 3) in base 8?
271342
What is -183371 (base 10) in base 14?
-4ab7d
23698 (base 16) to base 2
100011011010011000
1198a2 (base 11) to base 10
188751
What is -385abb (base 15) in base 3?
-12002022000212
-3102023 (base 4) to base 3
-200110012
Convert 4219013 (base 10) to base 8.
20060205
714b54 (base 13) to base 9
4861085
What is -4a07c4 (base 14) in base 11?
-14830a4
Convert -49c74 (base 13) to base 4.
-201033030
What is 16766036 (base 8) in base 11?
2242514
What is 22aa2 (base 14) in base 8?
244706
Convert -be44 (base 15) to base 4.
-21312103
40315140 (base 6) to base 13
311520
Convert 201020221002112 (base 3) to base 6.
1003202322
Convert -11011011100 (base 2) to base 16.
-6dc
-13132023 (base 6) to base 10
-432015
Convert -103310213 (base 6) to base 16.
-1c2441
What is 11001110011110100 (base 2) in base 16?
19cf4
What is 25039 (base 15) in base 3?
20000010000
60fdf (base 16) to base 6
12303131
Convert 102200212022 (base 3) to base 7.
1646216
Convert 101022003 (base 4) to base 11.
48887
What is -2329310 (base 10) in base 7?
-25540664
Convert 42120343 (base 5) to base 11.
218697
-11102000121200 (base 3) to base 12
-94b8b3
Convert -19ac1 (base 15) to base 10.
-83431
Convert -b3005 (base 14) to base 9.
-725861
Convert -76bb7 (base 12) to base 9.
-258624
Convert -52315 (base 7) to base 13.
-5b06
-441db (base 14) to base 10
-165029
Convert 11010011010111100 (base 2) to base 7.
630340
What is -101321323 (base 4) in base 2?
-10001111001111011
-630486 (base 11) to base 7
-11406650
What is -323e51 (base 16) in base 3?
-20012021210211
-1b6c6 (base 16) to base 8
-333306
108248 (base 16) to base 5
234110203
Convert 4414374 (base 10) to base 3.
22022021101100
-a629 (base 15) to base 8
-104503
1000100101101100110001 (base 2) to base 16
225b31
Convert -1200100101 (base 4) to base 13.
-10a5b6
What is 441909 (base 11) in base 10?
705197
What is -58877 (base 13) in base 7?
-1242545
What is 17389 (base 12) in base 11?
23086
What is -a266 (base 12) in base 8?
-42356
1526230 (base 7) to base 10
208663
-13444122 (base 7) to base 4
-10302111213
-20430422 (base 5) to base 16
-29af1
What is -101110100101110001 (base 2) in base 5?
-22101313
Convert 202221101212 (base 3) to base 9.
687355
Convert 65009 (base 11) to base 3.
11210122101
-277a1 (base 14) to base 2
-10111110100010001
What is b618d (base 14) in base 10?
439361
100042232 (base 5) to base 2
1100000000011100010
212111022102 (base 3) to base 10
462413
-2143a8 (base 12) to base 5
-113311442
What is 20c0c4 (base 13) in base 4?
2323301112
143022400 (base 5) to base 4
2313133300
-1110021121221 (base 3) to base 8
-2746115
-66b40 (base 12) to base 6
-2531320
What is 1110100111111001 (base 2) in base 6?
1141145
Convert -53551331 (base 6) to base 10.
-1585351
Convert -b2c5 (base 16) to base 9.
-68700
-101111012110 (base 3) to base 6
-4231450
Convert 74218a9 (base 11) to base 12.
446773b
-7603430 (base 8) to base 11
-1169825
What is -1323366 (base 8) in base 10?
-370422
11000011110101010 (base 2) to base 11
69371
115140315 (base 6) to base 7
24515141
-161a048 (base 13) to base 7
-114251514
-10202120102 (base 3) to base 12
-36a25
Convert -18ddb6 (base 16) to base 12.
-66709a
Convert -220201101 (base 5) to base 3.
-1202221210022
What is 16b7965 (base 13) in base 6?
422145053
What is 1244511 (base 11) in base 12?
880b34
-2065061 (base 10) to base 7
-23360405
What is 3343000 (base 5) in base 8?
163365
Convert -286110 (base 12) to base 2.
-10100100100100011100
Convert 1102021201011 (base 3) to base 9.
1367634
3267b1a (base 13) to base 7
244665616
26253662 (base 7) to base 6
123234542
What is 2015214 (base 8) in base 10?
531084
Convert 23123301 (base 4) to base 14.
130d3
1302302023 (base 4) to base 15
9448a
What is 2d9de4 (base 15) in base 8?
10335125
2245407 (base 9) to base 10
1211200
Convert 1111011010001111111 (base 2) to base 3.
221122200012
Convert 33015444 (base 6) to base 11.
611042
What is -244467 (base 8) in base 9?
-137543
Convert 2177d (base 15) to base 11.
72973
Convert 955a (base 12) to base 4.
3333112
What is -143042 (base 15) in base 10?
-972062
What is 203a (base 14) in base 13?
26a2
-13494a5 (base 12) to base 13
-a42085
What is 298831 (base 12) in base 3?
1022112021001
Convert 19999 (base 10) to base 4.
10320133
Convert -122011012000 (base 3) to base 16.
-526fe
What is -4a7a73 (base 13) in base 10?
-1787945
What is 1110100000100110 (base 2) in base 13?
21087
What is 6413a (base 11) in base 9?
152024
What is 156426 (base 7) in base 4?
13211232
What is -4ab3c (base 14) in base 7?
-1362305
Convert 35358 (base 12) to base 13.
26624
-14571255 (base 9) to base 14
-d6a618
What is -771d57 (base 14) in base 15?
-54bb4e
-5510321 (base 11) to base 13
-200b1a3
-10e21 (base 16) to base 5
-4203103
Convert 1c42a1 (base 13) to base 10.
723282
-1730c17 (base 14) to base 7
-165666630
-629759 (base 14) to base 3
-20021011210111
-2150136 (base 8) to base 9
-1070321
100100111010100000100111 (base 2) to base 14
13dc78b
What is 1405 (base 13) in base 3?
10221121
1e68aa (base 16) to base 5
1002232444
Convert -3695a23 (base 11) to base 15.
-86c633
Convert -12153466 (base 7) to base 8.
-4116636
What is 101100103 (base 4) in base 10?
70675
What is 5145a5 (base 15) in base 6?
214440532
2342000024 (base 5) to base 13
117ab25
What is 83789 (base 10) in base 8?
243515
What is 4b838 (base 13) in base 15?
2b65a
Convert -67055 (base 11) to base 12.
-4831b
-10521133 (base 8) to base 10
-2269787
What is -3b5010 (base 12) in base 9?
-1757673
-328311 (base 14) to base 4
-12202023123
Convert 23220510 (base 6) to base 11.
450632
Convert 294c24 (base 13) to base 6.
33354053
Convert -313454 (base 9) to base 2.
-101101011110011100
What is 113401412 (base 5) in base 10?
528357
11011011001110000 (base 2) to base 15
233ca
-1101110000100011000101 (base 2) to base 10
-3606725
Convert 53020324 (base 6) to base 14.
2c212c
What is 415b0 (base 14) in base 10?
157542
Convert -1100020120 (base 3) to base 9.
-40216
-3c0500 (base 13) to base 15
-1dbc8b
What is 31046812 (base 9) in base 13?
3121361
Convert -2f5c3 (base 16) to base 11.
-122822
Convert 394b92 (base 12) to base 15.
13906b
Convert 416460 (base 7) to base 3.
10122122220
-345096a (base 13) to base 7
-253634653
Convert -11111010110100111 (base 2) to base 5.
-13102143
Convert 1271124 (base 8) 